{"id":30,"date":"2019-03-01T21:30:49","date_gmt":"2019-03-01T20:30:49","guid":{"rendered":"http:\/\/aw-legal.de\/?page_id=30"},"modified":"2023-01-10T22:58:42","modified_gmt":"2023-01-10T21:58:42","slug":"ueber-uns","status":"publish","type":"page","link":"https:\/\/aw-legal.de\/","title":{"rendered":"Mag. iur. Agnieszka Wi\u015bniewska LL.M."},"content":{"rendered":"\n<h2 id=\"uebermich\">\u00dcber mich<\/h2>\n\n\n\n<p>Sehr geehrte Damen und Herren,<\/p>\n\n\n\n<p>meine St\u00e4rke sind die guten Kenntnisse der polnischen Sprache, die ich flie\u00dfend in Wort und Schrift beherrsche. Nach langj\u00e4hriger und sorgf\u00e4ltiger Juristenausbildung freue ich mich, endlich meinen Traumberuf in Ihrem Dienste aus\u00fcben zu d\u00fcrfen. Ich helfe gerne auf dem Gebiet des Baurechts, des Mietrechts sowie des Arbeits- und Familienrechts.<\/p>\n\n\n\n<p>Mehrere Jahre lang habe ich mich mit geistigem Eigentum \/ Urheber-, Medien- und Internetrecht befasst. Deshalb kann ich Sie auf diesen Rechtsgebieten kompetent unterst\u00fctzen.<\/p>\n\n\n\n<p>W\u00e4hrend meiner Juristenausbildung konnte ich auch die Kenntnisse im Wettbewerbs- und Markenrecht erweitern.<\/p>\n\n\n\n<p>Da meine Universit\u00e4t viel Wert auf eine gr\u00fcndliche Ausbildung im Europarecht legt, verf\u00fcge ich auch \u00fcber fundierte Kenntnisse auf diesem Rechtsgebiet.<\/p>\n\n\n\n<p>Zus\u00e4tzlich biete ich Rechtsrat und Vertretung in Medizinrechtssachen, insbesondere im Patientenrecht, an.<\/p>\n\n\n\n<p>Gerne vertrete ich Sie auch in Ihren Sozialangelegenheiten (Arbeitslosengeld I, Arbeitslosengeld II, auch Hartz IV genannt) sowie unterst\u00fctze Sie in Strafrechtssachen.<\/p>\n\n\n\n<h2 id=\"rechtsgebiete\">Rechtsgebiete<\/h2>\n\n\n\n<h3>Wirtschaftsrecht, Zivilrecht, Medizinrecht<\/h3>\n\n\n\n<h3>Wettbewerbs- und Markenrecht<\/h3>\n\n\n\n<h3>Urheberrecht, Internetrecht, Presse- und Medienrecht<\/h3>\n\n\n\n<h3>Europarecht<\/h3>\n\n\n\n<figure class=\"wp-block-image\"><img decoding=\"async\" src=\"https:\/\/aw-legal.de\/wp-content\/uploads\/elementor\/thumbs\/Studioline-Photography-11-modified-o4ftg35jwhz5eaymsbo0bqmdkh5nk7h3ukwnne8glc.jpg\" alt=\"Studioline Photography 11 modified\" title=\"Studioline Photography 11 modified\"\/><\/figure>\n\n\n\n<h2 id=\"team\">Team<\/h2>\n\n\n\n<h4>Angelina Jensen<\/h4>\n\n\n\n<figure class=\"wp-block-image\"><img fetchpriority=\"high\" decoding=\"async\" width=\"200\" height=\"300\" src=\"https:\/\/aw-legal.de\/wp-content\/uploads\/2022\/05\/Angelina-200x300.jpg\" alt=\"\" class=\"wp-image-474\" srcset=\"https:\/\/aw-legal.de\/wp-content\/uploads\/2022\/05\/Angelina-200x300.jpg 200w, https:\/\/aw-legal.de\/wp-content\/uploads\/2022\/05\/Angelina-683x1024.jpg 683w, https:\/\/aw-legal.de\/wp-content\/uploads\/2022\/05\/Angelina-768x1152.jpg 768w, https:\/\/aw-legal.de\/wp-content\/uploads\/2022\/05\/Angelina-1024x1536.jpg 1024w, https:\/\/aw-legal.de\/wp-content\/uploads\/2022\/05\/Angelina-1365x2048.jpg 1365w, https:\/\/aw-legal.de\/wp-content\/uploads\/2022\/05\/Angelina-720x1080.jpg 720w, https:\/\/aw-legal.de\/wp-content\/uploads\/2022\/05\/Angelina-scaled.jpg 1707w\" sizes=\"(max-width: 200px) 100vw, 200px\" \/><\/figure>\n\n\n\n<h4>Assessorin<\/h4>\n\n\n\n<h2>Vita<\/h2>\n\n\n\n<ul>\n<li>Deutsch-Polnisches Gymnasium in L\u00f6cknitz<\/li>\n\n\n\n<li>Studium der Rechtswissenschaft an der Europa-Universit\u00e4t Viadrina und an der Adam-Mickiewicz-Universit\u00e4t in Posen\/Collegium Polonicum in S\u0142ubice (Master of German and Polisch Law)<\/li>\n\n\n\n<li>Fremdsprachen: Englisch, Polnisch<\/li>\n\n\n\n<li>studentische, sp\u00e4ter wissenschaftliche Mitarbeiterin in einer renommierten Berliner Medienrechtskanzlei mit den Schwerpunkten im Verlags-, Marken- und Urheberrecht<\/li>\n\n\n\n<li>Stipendiatin des Stipendienprogrammes des Studien- und Forschungsschwerpunktes Medienrecht an der Europa-Universit\u00e4t Viadrina<\/li>\n\n\n\n<li>Erlangung des Zertifikates des Studien- und Forschungsschwerpunktes Medienrecht an der Europa-Universit\u00e4t Viadrina<\/li>\n\n\n\n<li>Erlangung des Magistergrades Magister iuris (Mag. iur.), verliehen von der Adam-Mickiewicz-Universit\u00e4t in Posen<\/li>\n\n\n\n<li>Praktikum in einer polnischen Rechtsberatungskanzlei, Stettin<\/li>\n\n\n\n<li>Praktikum in einer deutsch-polnischen, grenz\u00fcberschreitend t\u00e4tigen Wirtschaftskanzlei am Kurf\u00fcrstendamm, Berlin<\/li>\n\n\n\n<li>Verleihung des Mastergrades Master of Laws (LL.M.) an der Europa-Universit\u00e4t Viadrina<\/li>\n\n\n\n<li>Eignungspr\u00fcfung f\u00fcr ausl\u00e4ndische Juraabsolventen im Bezirk des Brandenburgischen Oberlandesgerichts<\/li>\n\n\n\n<li>Arbeit in einer Berliner B\u00fcrogemeinschaft von Anw\u00e4lten und Notaren, Charlottenburg<\/li>\n\n\n\n<li>Rechtsreferendariat im Kammergerichtsbezirk (Berlin) u. a. bei:<br>&#8211; Apothekerkammer Berlin,<br>&#8211; auf Medien-, Marken-, Wettbewerbs-, Urheber- und Verlagsrecht spezialisierten Kanzleien,<br>&#8211; einer renommierten, hochspezialisierten und bundesweit t\u00e4tigen Medizinrechtskanzlei am Kurf\u00fcrstendamm, Berlin<\/li>\n\n\n\n<li>Zulassung zur Rechtsanwaltschaft Berlin<\/li>\n\n\n\n<li>selbstst\u00e4ndige Rechtsanw\u00e4ltin in Berlin<\/li>\n<\/ul>\n\n\n\n<h2 id=\"publikationen\">Publikationen<\/h2>\n\n\n\n<ul>\n<li>Auerbach \/ Wi\u015bniewska:&nbsp;<em>\u00bbVerweigerung der Abgabe von Arzneimitteln aus Gewissensgr\u00fcnden\u00ab<\/em>, in: Pharmazeutische Zeitung, Heft 36\/2013, S. 48 &#8211; 50<\/li>\n\n\n\n<li>Haupt \/ Wi\u015bniewska:&nbsp;<em>\u00bbBrauchen wir \u00fcberhaupt noch \u00a7 47 UrhG?\u00ab<\/em>, in: UFITA \u2013 Archiv f\u00fcr Urheber- und Medienrecht (herausgegeben von Manfred Rehbinder), St\u00e4mpfli-Verlag AG Bern, Band 2010\/III, S. 663 &#8211; 677<\/li>\n<\/ul>\n\n\n\n<figure class=\"wp-block-image\"><img decoding=\"async\" src=\"https:\/\/aw-legal.de\/wp-content\/uploads\/2019\/03\/Studioline-Photography-4-modified.jpg\" alt=\"\"\/><\/figure>\n\n\n\n<h2>Kontakt<\/h2>\n\n\n\n<p>Agnieszka Wi\u015bniewska<br>Kurf\u00fcrstendamm 72<br>10709 Berlin<\/p>\n\n\n\n<p>Tel: +49 (0)30 217 990 380<br>Fax: +49 (0)30 217 990 381<\/p>\n\n\n\n<p>EMail: info@aw-legal.de<\/p>\n\n\n\n<p><a href=\"https:\/\/www.google.de\/maps\/dir\/\/Schl\u00fcterstr+37,+10629+Berlin\/@52.4891032,13.2819011,13z\/data=!4m13!1m4!3m3!1s0x47a850f2dcf4b9ed:0xa7ade36fc73f3717!Schl\u00fcterstr+37,+10629+Berlin!3b1!4m7!1m0!1m5!1m1!1s0x47a850f2dcf4b9ed:0xa7ade36fc73f3717!2m2!1d13.31692!2d52.4891\" target=\"_blank\" rel=\"noreferrer noopener\">Routenplaner<\/a> (externes Google-Angebot)<\/p>\n\n\n\n<div class=\"is-layout-flex wp-container-3 wp-block-columns\">\n<div class=\"is-layout-flow wp-block-column\" style=\"flex-basis:100%\">\n<p><a href=\"https:\/\/aw-legal.de\/?page_id=19\">Datenschutz und Impressum<\/a><\/p>\n<\/div>\n\n\n\n<div class=\"is-layout-flow wp-block-column\" style=\"flex-basis:0%\"><\/div>\n<\/div>\n","protected":false},"excerpt":{"rendered":"<p>\u00dcber mich Sehr geehrte Damen und Herren, meine St\u00e4rke sind die guten Kenntnisse der polnischen Sprache, die ich flie\u00dfend in Wort und Schrift beherrsche. Nach langj\u00e4hriger und sorgf\u00e4ltiger Juristenausbildung freue ich mich, endlich meinen Traumberuf in Ihrem Dienste aus\u00fcben zu d\u00fcrfen. Ich helfe gerne auf dem Gebiet des Baurechts, des Mietrechts sowie des Arbeits- und&hellip; <br \/> <a class=\"button small blue\" href=\"https:\/\/aw-legal.de\/\">Weiterlesen<\/a><\/p>\n","protected":false},"author":1,"featured_media":0,"parent":0,"menu_order":0,"comment_status":"closed","ping_status":"closed","template":"","meta":[],"aioseo_notices":[],"_links":{"self":[{"href":"https:\/\/aw-legal.de\/index.php?rest_route=\/wp\/v2\/pages\/30"}],"collection":[{"href":"https:\/\/aw-legal.de\/index.php?rest_route=\/wp\/v2\/pages"}],"about":[{"href":"https:\/\/aw-legal.de\/index.php?rest_route=\/wp\/v2\/types\/page"}],"author":[{"embeddable":true,"href":"https:\/\/aw-legal.de\/index.php?rest_route=\/wp\/v2\/users\/1"}],"replies":[{"embeddable":true,"href":"https:\/\/aw-legal.de\/index.php?rest_route=%2Fwp%2Fv2%2Fcomments&post=30"}],"version-history":[{"count":83,"href":"https:\/\/aw-legal.de\/index.php?rest_route=\/wp\/v2\/pages\/30\/revisions"}],"predecessor-version":[{"id":493,"href":"https:\/\/aw-legal.de\/index.php?rest_route=\/wp\/v2\/pages\/30\/revisions\/493"}],"wp:attachment":[{"href":"https:\/\/aw-legal.de\/index.php?rest_route=%2Fwp%2Fv2%2Fmedia&parent=30"}],"curies":[{"name":"wp","href":"https:\/\/api.w.org\/{rel}","templated":true}]}}

Mag. iur. Agnieszka Wiśniewska LL.M.

<h2 id="uebermich">Über mich</h2>



<p>Sehr geehrte Damen und Herren,</p>



<p>meine Stärke sind die guten Kenntnisse der polnischen Sprache, die ich fließend in Wort und Schrift beherrsche. Nach langjähriger und sorgfältiger Juristenausbildung freue ich mich, endlich meinen Traumberuf in Ihrem Dienste ausüben zu dürfen. Ich helfe gerne auf dem Gebiet des Baurechts, des Mietrechts sowie des Arbeits- und Familienrechts.</p>



<p>Mehrere Jahre lang habe ich mich mit geistigem Eigentum / Urheber-, Medien- und Internetrecht befasst. Deshalb kann ich Sie auf diesen Rechtsgebieten kompetent unterstützen.</p>



<p>Während meiner Juristenausbildung konnte ich auch die Kenntnisse im Wettbewerbs- und Markenrecht erweitern.</p>



<p>Da meine Universität viel Wert auf eine gründliche Ausbildung im Europarecht legt, verfüge ich auch über fundierte Kenntnisse auf diesem Rechtsgebiet.</p>



<p>Zusätzlich biete ich Rechtsrat und Vertretung in Medizinrechtssachen, insbesondere im Patientenrecht, an.</p>



<p>Gerne vertrete ich Sie auch in Ihren Sozialangelegenheiten (Arbeitslosengeld I, Arbeitslosengeld II, auch Hartz IV genannt) sowie unterstütze Sie in Strafrechtssachen.</p>



<h2 id="rechtsgebiete">Rechtsgebiete</h2>



<h3>Wirtschaftsrecht, Zivilrecht, Medizinrecht</h3>



<h3>Wettbewerbs- und Markenrecht</h3>



<h3>Urheberrecht, Internetrecht, Presse- und Medienrecht</h3>



<h3>Europarecht</h3>



<figure class="wp-block-image"><img decoding="async" src="https://aw-legal.de/wp-content/uploads/elementor/thumbs/Studioline-Photography-11-modified-o4ftg35jwhz5eaymsbo0bqmdkh5nk7h3ukwnne8glc.jpg" alt="Studioline Photography 11 modified" title="Studioline Photography 11 modified"/></figure>



<h2 id="team">Team</h2>



<h4>Angelina Jensen</h4>



<figure class="wp-block-image"><img fetchpriority="high" decoding="async" width="200" height="300" src="https://aw-legal.de/wp-content/uploads/2022/05/Angelina-200x300.jpg" alt="" class="wp-image-474" srcset="https://aw-legal.de/wp-content/uploads/2022/05/Angelina-200x300.jpg 200w, https://aw-legal.de/wp-content/uploads/2022/05/Angelina-683x1024.jpg 683w, https://aw-legal.de/wp-content/uploads/2022/05/Angelina-768x1152.jpg 768w, https://aw-legal.de/wp-content/uploads/2022/05/Angelina-1024x1536.jpg 1024w, https://aw-legal.de/wp-content/uploads/2022/05/Angelina-1365x2048.jpg 1365w, https://aw-legal.de/wp-content/uploads/2022/05/Angelina-720x1080.jpg 720w, https://aw-legal.de/wp-content/uploads/2022/05/Angelina-scaled.jpg 1707w" sizes="(max-width: 200px) 100vw, 200px" /></figure>



<h4>Assessorin</h4>



<h2>Vita</h2>



<ul>
<li>Deutsch-Polnisches Gymnasium in Löcknitz</li>



<li>Studium der Rechtswissenschaft an der Europa-Universität Viadrina und an der Adam-Mickiewicz-Universität in Posen/Collegium Polonicum in Słubice (Master of German and Polisch Law)</li>



<li>Fremdsprachen: Englisch, Polnisch</li>



<li>studentische, später wissenschaftliche Mitarbeiterin in einer renommierten Berliner Medienrechtskanzlei mit den Schwerpunkten im Verlags-, Marken- und Urheberrecht</li>



<li>Stipendiatin des Stipendienprogrammes des Studien- und Forschungsschwerpunktes Medienrecht an der Europa-Universität Viadrina</li>



<li>Erlangung des Zertifikates des Studien- und Forschungsschwerpunktes Medienrecht an der Europa-Universität Viadrina</li>



<li>Erlangung des Magistergrades Magister iuris (Mag. iur.), verliehen von der Adam-Mickiewicz-Universität in Posen</li>



<li>Praktikum in einer polnischen Rechtsberatungskanzlei, Stettin</li>



<li>Praktikum in einer deutsch-polnischen, grenzüberschreitend tätigen Wirtschaftskanzlei am Kurfürstendamm, Berlin</li>



<li>Verleihung des Mastergrades Master of Laws (LL.M.) an der Europa-Universität Viadrina</li>



<li>Eignungsprüfung für ausländische Juraabsolventen im Bezirk des Brandenburgischen Oberlandesgerichts</li>



<li>Arbeit in einer Berliner Bürogemeinschaft von Anwälten und Notaren, Charlottenburg</li>



<li>Rechtsreferendariat im Kammergerichtsbezirk (Berlin) u. a. bei:<br>&#8211; Apothekerkammer Berlin,<br>&#8211; auf Medien-, Marken-, Wettbewerbs-, Urheber- und Verlagsrecht spezialisierten Kanzleien,<br>&#8211; einer renommierten, hochspezialisierten und bundesweit tätigen Medizinrechtskanzlei am Kurfürstendamm, Berlin</li>



<li>Zulassung zur Rechtsanwaltschaft Berlin</li>



<li>selbstständige Rechtsanwältin in Berlin</li>
</ul>



<h2 id="publikationen">Publikationen</h2>



<ul>
<li>Auerbach / Wiśniewska:&nbsp;<em>»Verweigerung der Abgabe von Arzneimitteln aus Gewissensgründen«</em>, in: Pharmazeutische Zeitung, Heft 36/2013, S. 48 &#8211; 50</li>



<li>Haupt / Wiśniewska:&nbsp;<em>»Brauchen wir überhaupt noch § 47 UrhG?«</em>, in: UFITA – Archiv für Urheber- und Medienrecht (herausgegeben von Manfred Rehbinder), Stämpfli-Verlag AG Bern, Band 2010/III, S. 663 &#8211; 677</li>
</ul>



<figure class="wp-block-image"><img decoding="async" src="https://aw-legal.de/wp-content/uploads/2019/03/Studioline-Photography-4-modified.jpg" alt=""/></figure>



<h2>Kontakt</h2>



<p>Agnieszka Wiśniewska<br>Kurfürstendamm 72<br>10709 Berlin</p>



<p>Tel: +49 (0)30 217 990 380<br>Fax: +49 (0)30 217 990 381</p>



<p>EMail: info@aw-legal.de</p>



<p><a href="https://www.google.de/maps/dir//Schlüterstr+37,+10629+Berlin/@52.4891032,13.2819011,13z/data=!4m13!1m4!3m3!1s0x47a850f2dcf4b9ed:0xa7ade36fc73f3717!Schlüterstr+37,+10629+Berlin!3b1!4m7!1m0!1m5!1m1!1s0x47a850f2dcf4b9ed:0xa7ade36fc73f3717!2m2!1d13.31692!2d52.4891" target="_blank" rel="noreferrer noopener">Routenplaner</a> (externes Google-Angebot)</p>



<div class="is-layout-flex wp-container-3 wp-block-columns">
<div class="is-layout-flow wp-block-column" style="flex-basis:100%">
<p><a href="https://aw-legal.de/?page_id=19">Datenschutz und Impressum</a></p>
</div>



<div class="is-layout-flow wp-block-column" style="flex-basis:0%"></div>
</div>

<p>Über mich Sehr geehrte Damen und Herren, meine Stärke sind die guten Kenntnisse der polnischen Sprache, die ich fließend in Wort und Schrift beherrsche. Nach langjähriger und sorgfältiger Juristenausbildung freue ich mich, endlich meinen Traumberuf in Ihrem Dienste ausüben zu dürfen. Ich helfe gerne auf dem Gebiet des Baurechts, des Mietrechts sowie des Arbeits- und&hellip; <br /> <a class="button small blue" href="https://aw-legal.de/">Weiterlesen</a></p>
