{"id":345,"date":"2019-03-06T20:37:13","date_gmt":"2019-03-06T19:37:13","guid":{"rendered":"https:\/\/aw-legal.de\/?page_id=345"},"modified":"2023-01-10T22:57:43","modified_gmt":"2023-01-10T21:57:43","slug":"polnische-startseite","status":"publish","type":"page","link":"https:\/\/aw-legal.de\/?page_id=345&lang=pl","title":{"rendered":"Polnische Startseite"},"content":{"rendered":"\n<h2 id=\"uebermich\">O mnie<\/h2>\n\n\n\n<p>Szanowni Pa\u0144stwo!<\/p>\n\n\n\n<p>Jestem Polk\u0105 pochodz\u0105c\u0105 z okolic Szczecina. Po uko\u0144czeniu aplikacji prawniczej wykonuj\u0119 w ko\u0144cu m\u00f3j wymarzony zaw\u00f3d i jestem do Pa\u0144stwa dyspozycji. S\u0142u\u017c\u0119 pomoc\u0105 w zakresie prawa ochrony konkurencji i konsument\u00f3w, prawa ochrony znak\u00f3w towarowych, prawa wykrocze\u0144 drogowych, prawa autorskiego, nielegalnego \u015bci\u0105gania utwor\u00f3w\/plik\u00f3w (\u201cFilesharing\u201d), prawa socjalnego, windykacji roszcze\u0144, formu\u0142owanie regulamin\u00f3w na eBay oraz na Amazon, zak\u0142adaniu sp\u00f3\u0142ek UG oraz GmbH na terenie Niemiec.&nbsp;Przez wiele lat zajmowa\u0142am si\u0119 prawem autorskim \/ w\u0142asno\u015bci intelektualnej oraz prawem medi\u00f3w i prawem internetowym, dlatego mog\u0119 Pa\u0144stwa kompetentnie wspiera\u0107 w tych dziedzinach.&nbsp;W mojej praktyce zawodowej naby\u0142am te\u017c solidne znajomo\u015bci prawa ochrony konkurencji oraz prawa znak\u00f3w towarowych.&nbsp;Uniwersytet, na kt\u00f3rym studiowa\u0142am, k\u0142ad\u0142 du\u017cy nacisk na nauk\u0119 prawa europejskiego, dlatego te\u017c ju\u017c od pierwszych lat studi\u00f3w wyr\u00f3\u017cniam si\u0119 dobra znajomo\u015bci\u0105 tej dziedziny prawa.&nbsp;Dodatkowo oferuj\u0119 doradztwo prawne i reprezentacj\u0119 w dziedzinie prawa medycznego, zw\u0142aszcza prawa pacjent\u00f3w.&nbsp;Ch\u0119tnie poprowadz\u0119 te\u017c Pa\u0144stwa sprawy z zakresu prawa socjalnego (Arbeitslosengeld I i Arbeitslosengeld II, zwany tak\u017ce Hartz IV) a tak\u017ce b\u0119d\u0119 Pa\u0144stwa wspiera\u0107 w sprawach z zakresu wykrocze\u0144 drogowych (mandaty).&nbsp;Wszelkie us\u0142ugi oferuj\u0119 oczywi\u015bcie w j\u0119zyku polskim. Bariera j\u0119zykowa ju\u017c nie musi by\u0107 dla Pa\u0144stwa przeszkod\u0105! Zajmijmy si\u0119 wsp\u00f3lnie dochodzeniem Pa\u0144stwa praw!<\/p>\n\n\n\n<h2 id=\"rechtsgebiete\">Dziedziny prawne<\/h2>\n\n\n\n<h3>Prawo gospodarcze, cywilne, medyczne<\/h3>\n\n\n\n<h3>Prawo autorskie \/ w\u0142asno\u015bci intelektualnej, internetowe, prawo medi\u00f3w i prasowe<\/h3>\n\n\n\n<h3>Prawo konkurencji i znak\u00f3w towarowych (handlowych)<\/h3>\n\n\n\n<h3>Prawo europejskie<\/h3>\n\n\n\n<figure class=\"wp-block-image\"><img decoding=\"async\" src=\"https:\/\/aw-legal.de\/wp-content\/uploads\/2019\/03\/Studioline-Photography-11-modified-680x1024.jpg\" alt=\"\"\/><\/figure>\n\n\n\n<ul>\n<li>Prawo gospodarcze, cywilne, medyczne<\/li>\n<\/ul>\n\n\n\n<p>Prawo cywilne nale\u017cy do jednej z moich ulubionych dziedzin prawnych. Dlatego te\u017c z przyjemno\u015bci\u0105 poprowadz\u0119 Pa\u0144stwa sprawy z zakresu szeroko poj\u0119tego prawa cywilnego, zw\u0142aszcza z prawa gospodarczego.<\/p>\n\n\n\n<p>Szczeg\u00f3lnie ch\u0119tnie zajmuj\u0119 si\u0119 te\u017c wszelkimi sprawami z zakresu:<\/p>\n\n\n\n<ul>\n<li>windykacji roszczen,<\/li>\n\n\n\n<li>prawa ochrony konkurencji i konsumentow (Abmahnung)<\/li>\n\n\n\n<li>prawa autorskiego, w tym nielegalnego scigania plikow z internetu za pomoca forum wymiany (Abmahnung),<\/li>\n\n\n\n<li>ochrony danych osobowych,<\/li>\n\n\n\n<li>a tak\u017ce kszta\u0142towaniem um\u00f3w w j\u0119zyku polskim lub niemieckim. Na \u017cyczenie mog\u0119 dla Pa\u0144stwa stworzy\u0107 projekt konkretnej umowy lub sprawdzi\u0107 jej zgodno\u015b\u0107 z prawem, je\u015bli taki projekt ju\u017c Pa\u0144stwo posiadaj\u0105. Wszystko to oczywi\u015bcie zar\u00f3wno w j\u0119zyku polskim jak i niemieckim.<\/li>\n<\/ul>\n\n\n\n<p>Oferujemy takze wszelkie teksty prawne i regulaminy do sklepow internetowych, na eBay, Amazon, itd.<\/p>\n\n\n\n<p>Nowo\u015bci\u0105 s\u0105 oferowane przeze mnie us\u0142ugi z zakresu prawa medycznego, a zw\u0142aszcza prawa pacjent\u00f3w. Podczas mojej edukacji prawniczej mog\u0142am dok\u0142adnie pozna\u0107 specyfik\u0119 tej dziedziny prawnej, co pozwala mi pewnie reprezentowa\u0107 Pa\u0144stwa interesy zar\u00f3wno w postepowaniu przed sadem jak r\u00f3wnie\u017c rozwi\u0105za\u0107 spor bez odwolywania si\u0119 do s\u0105du.<\/p>\n\n\n\n<h4>Prawo autorskie \/ w\u0142asno\u015bci intelektualnej, internetowe, prawo medi\u00f3w i prasowe<\/h4>\n\n\n\n<p>W\u0142a\u015bciciel praw autorskich (jak r\u00f3wnie\u017c znaku handlowego lub patentu) mo\u017ce (i cz\u0119sto to robi) wymaga\u0107 od innych posiadania licencji jako warunku u\u017cytkowania lub reprodukowania licencjonowanego produktu czy te\u017c utworu. Warto o tym pami\u0119ta\u0107 cho\u0107by planuj\u0105c udzia\u0142 w mi\u0119dzynarodowych targach.<\/p>\n\n\n\n<p>Prawo w\u0142asno\u015bci intelektualnej jest nieodzown\u0105 cz\u0119\u015bci\u0105 prawa gospodarczego ale reglamentuje r\u00f3wnie\u017c zachowanie \u201ezwyk\u0142ych obywateli\u201d, tzn. os\u00f3b fizycznych. Ostatnio np. masowo wysy\u0142ane s\u0105 przez adwokat\u00f3w upomnienia (Abmahnungen) za rzekome naruszenie czyich\u015b praw autorskich w zwi\u0105zku ze \u015bci\u0105ganiem film\u00f3w czy te\u017c plik\u00f3w muzycznych z internetu. Gro\u017c\u0105 za to dotkliwie wysokie odszkodowania. Pomog\u0119 Pa\u0144stwu upora\u0107 si\u0119 z tym problemem.<\/p>\n\n\n\n<h4>Prawo konkurencji i znak\u00f3w towarowych (handlowych)<\/h4>\n\n\n\n<p>Wprowadzaj\u0105c now\u0105 mark\u0119 na rynek zagraniczny w dobie \u201eglobalnej wioski\u201d nale\u017cy bezwzgl\u0119dnie mie\u0107 na uwadze te dziedziny prawne, poniewa\u017c zw\u0142aszcza w handlu mi\u0119dzynarodowym pod uwag\u0119 musz\u0105 by\u0107 wzi\u0119te nie tylko te krajowe rejestry znak\u00f3w towarowych i wzor\u00f3w u\u017cytkowych, lecz tak\u017ce te europejskie i \u015bwiatowe. Ch\u0119tnie doradz\u0119 Pa\u0144stwu np., jakich b\u0142\u0119d\u00f3w i uchybie\u0144 unika\u0107 przy projektowaniu w\u0142asnej strony internetowej czy te\u017c reklamy, aby nie narazi\u0107 si\u0119 na ryzyko upomnie\u0144 i dotkliwych nieprzyjemno\u015bci natury finansowej.<\/p>\n\n\n\n<h4>Prawo europejskie<\/h4>\n\n\n\n<p>Prawo Unii Europejskiej ju\u017c od dawna przenika wszystkie dziedziny \u017cycia i prawa. Jego bieg\u0142a znajomo\u015b\u0107 jest nieodzowna dla pe\u0142nego wyegzekwowania Pa\u0144stwa praw.<\/p>\n\n\n\n<h2 id=\"team\">Zesp\u00f3\u0142<\/h2>\n\n\n\n<h3>Angelina Jensen<\/h3>\n\n\n\n<figure class=\"wp-block-image\"><img fetchpriority=\"high\" decoding=\"async\" width=\"200\" height=\"300\" src=\"https:\/\/aw-legal.de\/wp-content\/uploads\/2022\/05\/Angelina-200x300.jpg\" alt=\"\" class=\"wp-image-474\" srcset=\"https:\/\/aw-legal.de\/wp-content\/uploads\/2022\/05\/Angelina-200x300.jpg 200w, https:\/\/aw-legal.de\/wp-content\/uploads\/2022\/05\/Angelina-683x1024.jpg 683w, https:\/\/aw-legal.de\/wp-content\/uploads\/2022\/05\/Angelina-768x1152.jpg 768w, https:\/\/aw-legal.de\/wp-content\/uploads\/2022\/05\/Angelina-1024x1536.jpg 1024w, https:\/\/aw-legal.de\/wp-content\/uploads\/2022\/05\/Angelina-1365x2048.jpg 1365w, https:\/\/aw-legal.de\/wp-content\/uploads\/2022\/05\/Angelina-720x1080.jpg 720w, https:\/\/aw-legal.de\/wp-content\/uploads\/2022\/05\/Angelina-scaled.jpg 1707w\" sizes=\"(max-width: 200px) 100vw, 200px\" \/><\/figure>\n\n\n\n<h4>pani asesor<\/h4>\n\n\n\n<h4>Wynagrodzenie<\/h4>\n\n\n\n<p>Wynagrodzenie adwokata za us\u0142ugi prawne w Niemczech:<\/p>\n\n\n\n<h5><a href=\"http:\/\/localhost\/pl\/#honorar-1\">\u2192 Sprawy cywilne<\/a><\/h5>\n\n\n\n<p>Wynagrodzenie adwokata w Niemczech w zakresie prawa cywilnego reguluje \u00a7 675 BGB oraz ustawa o wynagrodzeniu adwokat\u00f3w \u2013 Rechtsanwaltsverg\u00fctungsgesetz (RVG). Za\u0142\u0105cznik 1 (\u201eAnlage I\u201d) do RVG zawiera taryf\u0119 wynagrodze\u0144 (sta\u0142e lub zmienne wsp\u00f3\u0142czynniki), natomiast tabel\u0119 op\u0142at \u2013 w zale\u017cno\u015bci od wysoko\u015bci przedmiotu sporu \u2013 zawiera za\u0142\u0105cznik 2 (\u201eAnlage II\u201d) do RVG. Wysoko\u015b\u0107 wynagrodzenia ustalana jest poprzez pomno\u017cenie op\u0142aty przez wsp\u00f3\u0142czynnik. Opr\u00f3cz tego istnieje mo\u017cliwo\u015b\u0107 umownego ustalenia honorarium mi\u0119dzy klientem a jego adwokatem.<\/p>\n\n\n\n<h5><a href=\"http:\/\/localhost\/pl\/#honorar-2\">\u2192 Poradnictwo pozas\u0105dowe (porady, opinie, mediacja, kszta\u0142towanie stosunk\u00f3w umownych itd.)<\/a><\/h5>\n\n\n\n<p>RVG nie zawiera dok\u0142adnych wytycznych odno\u015bnie wynagrodzenia adwokata za porady pozas\u0105dowe. Wysoko\u015b\u0107 op\u0142aty za pierwsz\u0105 konsultacj\u0119 adwokack\u0105 powinna by\u0107 ustalona w porozumieniu adwokata z klientem (\u00a7 34 RVG). Je\u017celi tak si\u0119 nie sta\u0142o, to op\u0142ata w przypadku os\u00f3b fizycznych nie mo\u017ce przekracza\u0107 kwoty 250,00 EUR, za\u015b op\u0142ata za pierwsz\u0105 porad\u0119 190,00 EUR.<\/p>\n\n\n\n<h5><a href=\"http:\/\/localhost\/pl\/#honorar-3\">\u2192 Post\u0119powanie przes\u0105dowe \u2013 korespondencja z przeciwnikiem \u2013 \u201eGesch\u00e4ftsgeb\u00fchr\u201d \u00a7\u00a7 13, 14 RVG, Nr. 2300 VV RVG (\u201eAnlage I\u201d)<\/a><\/h5>\n\n\n\n<p>Wysoko\u015b\u0107 wynagrodzenia zale\u017cy od warto\u015bci przedmiotu sporu oraz nak\u0142adu pracy adwokata. Z regu\u0142y op\u0142ata z taryfy w zale\u017cno\u015bci od wys. przedmiotu sporu mno\u017cona jest przez sta\u0142y wsp\u00f3\u0142czynnik 1,3. Jednak\u017ce w przypadku spraw szczeg\u00f3lnie zawi\u0142ych mo\u017ce on wynie\u015b\u0107 do 2,5.<\/p>\n\n\n\n<h5><a href=\"http:\/\/localhost\/pl\/#honorar-4\">\u2192 Post\u0119powanie procesowe w pierwszej instancji<\/a><\/h5>\n\n\n\n<p>W przypadku post\u0119powa\u0144 s\u0105dowych wysoko\u015b\u0107 stawek ustala ustawa. Adwokat i jego klient nie mog\u0105 ustali\u0107 stawek ni\u017cszych ni\u017c ustawowe. Wysoko\u015b\u0107 op\u0142at zale\u017cy od wysoko\u015bci przedmiotu sporu. Je\u017celi nie uda si\u0119 owej ustali\u0107, przyjmuje si\u0119, \u017ce warto\u015b\u0107 przedmiotu sporu wynosi 5000,00 \u20ac.<br>Adwokat ma prawo wymaga\u0107 zaliczki (\u201eVorschuss\u201d \u00a7 9 RVG). Zaliczk\u0119 odejmuje si\u0119 od ca\u0142ego wynagrodzenia.<\/p>\n\n\n\n<ul>\n<li><strong>\u201dVerfahrensgeb\u00fchr\u201d \u00a7 13 RVG, Nr. 3100 VV RVG \u2013 wniesienie pisma do s\u0105du<\/strong><br>Wsp\u00f3\u0142czynnik sta\u0142y za wniesienie pisma procesowego do s\u0105du \u2013 niezale\u017cnie od ilo\u015bci sporz\u0105dzonych pism \u2013 wynosi 1,3. Roszczenie powstaje w momencie przes\u0142ania pisma procesowego do s\u0105du.<br>Je\u017celi prowadzono wcze\u015bniej korespondencj\u0119 z przeciwnikiem, to po\u0142ow\u0119 wynagrodzenia za korespondencj\u0119 (jednak nie wi\u0119cej ni\u017c 0,75) zalicza si\u0119 na poczet op\u0142aty procesowej.<\/li>\n\n\n\n<li><strong>\u201dTermingeb\u00fchr\u201d \u00a7 13 RVG, Nr. 3104 VV RVG \u2013 op\u0142ata za stawiennictwo na wyznaczony termin s\u0105dowy<\/strong><br>Sta\u0142y wsp\u00f3\u0142czynnik wynosi w tym wypadku 1,2. W post\u0119powaniu cywilnym op\u0142ata ta powstaje tylko raz niezale\u017cnie od ilo\u015bci rozpraw w danej instancji.<\/li>\n\n\n\n<li><strong>\u201dEinigungsgeb\u00fchr\u201c \u00a7 13 RVG, Nr. 1000 VV RVG \u2013 op\u0142ata za zawarcie ugody<\/strong><br>Sta\u0142y wsp\u00f3\u0142czynnik wynosi tu 1,0 je\u017celi przedmiot ugody jest zawis\u0142y przed s\u0105dem pierwszej instancji. W przeciwnym razie wsp\u00f3\u0142czynnik sta\u0142y wyniesie 1,5.<\/li>\n<\/ul>\n\n\n\n<p><em><strong>UWAGA!<\/strong>Wszystkie powy\u017csze kwoty dotycz\u0105 wynagrodzenia dla jednego adwokata, kt\u00f3ry ma jednego klienta, bez dodatk\u00f3w i bez podatku VAT 19%.<\/em><\/p>\n\n\n\n<h5><a href=\"http:\/\/localhost\/pl\/#honorar-5\">\u2192 Rycza\u0142towy dodatek za wydatki telekomunikacyjne i pocztowe \u2013 Pauschale f\u00fcr Post und Telekommunikation Nr. 7002 VV RVG<\/a><\/h5>\n\n\n\n<p>Wynosi 20 \u20ac w przypadku przeds\u0105dowej korespondencji z przeciwnikiem, jak r\u00f3wnie\u017c jednorazowo w post\u0119powaniu s\u0105dowym.<\/p>\n\n\n\n<h5><a href=\"http:\/\/localhost\/pl\/#honorar-6\">\u2192 Pozosta\u0142e wydatki<\/a><\/h5>\n\n\n\n<p>Klient winien jest zwr\u00f3ci\u0107 adwokatowi koszty podr\u00f3\u017cy, gdy rozprawa odbywa si\u0119 poza gmin\u0105 siedziby adwokata (Nr. 7003 VV RVG), tj. 0,30 \u20ac za ka\u017cdy przejechany kilometr od siedziby kancelarii do miejsca rozprawy lub te\u017c koszty podr\u00f3\u017cy \u015brodkami komunikacji publicznej. Dodatkowo nale\u017cna jest op\u0142ata za podj\u0119cie czynno\u015bci prawnych poza kancelaria (do 70,00 \u20ac za ponad 8 godzin, (Nr. 7005 VV RVG) oraz zwrot ewentualnych koszt\u00f3w noclegu w pe\u0142nej wysoko\u015bci (Nr. 7006 VV RVG).<br>Aby zapobiec powstaniu tych koszt\u00f3w adwokaci cz\u0119sto zlecaj\u0105 zast\u0119pstwo w terminie kolegom maj\u0105cym swoj\u0105 siedzib\u0119 w rejonie b\u0105d\u017a okr\u0119gu danego s\u0105du. Pozwala to znacznie ograniczy\u0107 koszty prowadzenia procesu.<\/p>\n\n\n\n<h5><a href=\"http:\/\/localhost\/pl\/#honorar-7\">\u2192 Podatek VAT 19 %<\/a><\/h5>\n\n\n\n<p>Dla os\u00f3b fizycznych do faktury dolicza si\u0119 podatek VAT. Nie dotyczy to polskich przedsi\u0119biorstw z siedzib\u0105 w Polsce, gdy\u017c w tym wypadku miejscem \u015bwiadczenia us\u0142ug jest Polska (\u00a7\u00a7 1 I, 3 IX, 3a II UstG), chyba, \u017ce chodzi o nieruchomo\u015bci na terenie Niemiec (\u00a7\u00a7 1 I, 3 IX, 3a III).<\/p>\n\n\n\n<h5><a href=\"http:\/\/localhost\/pl\/#honorar-8\">\u2192 Op\u0142aty s\u0105dowe, komornicze<\/a><\/h5>\n\n\n\n<p>Nie podlegaj\u0105 negocjacji!<a href=\"http:\/\/localhost\/pl\/#honorar-9\">przyk\u0142adowe wyliczenie wynagrodzenia<\/a><br>Przyk\u0142adowo wynagrodzenie adwokackie za przeprowadzenie post\u0119powania s\u0105dowego pierwszej instancji sk\u0142ada si\u0119 z regu\u0142y w nast\u0119puj\u0105cy spos\u00f3b:<\/p>\n\n\n\n<figure class=\"wp-block-table\"><table><thead><tr><th>wsp\u00f3\u0142czynnik<\/th><th>rodzaj op\u0142aty<\/th><th>rr. VV RGV<\/th><th>warto\u015b\u0107 przedmiotu sporu w \u20ac<\/th><th>op\u0142ata w \u20ac<\/th><\/tr><\/thead><tbody><tr><td>1,3<\/td><td>Verfahrensgeb\u00fchr<\/td><td>3100<\/td><td>3.000,00<\/td><td>201,00 x 1,3 = 261,30<\/td><\/tr><tr><td>1,2<\/td><td>Terminsgeb\u00fchr<\/td><td>3104<\/td><td>3.000,00<\/td><td>201,00 x 1,2 = 241,20<\/td><\/tr><tr><td>Auslagenpauschale<\/td><td>7002<\/td><td>20,00<\/td><\/tr><tr><td>suma tymczasowa<\/td><td>522,50<\/td><\/tr><tr><td>podatek VAT 19 %<\/td><td>7008<\/td><td>99,28<\/td><\/tr><tr><td>suma tymczasowa<\/td><td>621,78<\/td><\/tr><tr><td>zaliczka z dnia\u2026 wys. netto 320,00 \u20ac + podatek VAT 19 % w wys. 60,80 \u20ac<\/td><td>-380,80<\/td><\/tr><tr><td>ostateczna suma wynagrodzenia do zap\u0142aty<\/td><td>240,98<\/td><\/tr><\/tbody><\/table><\/figure>\n\n\n\n<h2>\u017cyciorys<\/h2>\n\n\n\n<ul>\n<li>Polsko-Niemieckie Gimnazjum w L\u00f6ckniz<\/li>\n\n\n\n<li>studia prawa niemieckiego i polskiego na Uniwersytecie Europejskim Viadrina oraz na Uniwersytecie Adama-Mickiewicza w Poznaniu i na Collegium Polonicum w S\u0142ubicach (Master of German and Polisch Law)<\/li>\n\n\n\n<li>j\u0119zyki obce: angielski, niemiecki<\/li>\n\n\n\n<li>pracownik naukowy w renomowanej kancelarii specjalizuj\u0105cej si\u0119 w prawie medi\u00f3w, prawie wydawniczym, w prawie znak\u00f3w handlowych oraz w prawie autorskim\/w\u0142asno\u015bci intelektualnej<\/li>\n\n\n\n<li>stypendystka programu Studien- und Forschungsschwerpunkt Medienrecht Europejskiego Uniwersytetu Viadrina<\/li>\n\n\n\n<li>zdobycie certyfikatu programu Studien- und Forschungsschwerpunkt Medienrecht Europejskiego Uniwersytetu Viadrina<\/li>\n\n\n\n<li>zdobycie tytu\u0142u magistra prawa (mgr) na Uniwersytecie Adama Mickiewicza w Poznaniu<\/li>\n\n\n\n<li>praktyka w kancelarii radcy prawnego w Szczecinie<\/li>\n\n\n\n<li>praktyka w niemiecko-polskiej kancelarii ze specjalizacj\u0105 w dziedzinie prawa gospodarczego w Berlinie<\/li>\n\n\n\n<li>nadanie stopnia Master of Laws (LL.M.) przez Uniwersytet Europejski Viadrina<\/li>\n\n\n\n<li>egzamin kwalifikacyjny dla zagranicznych absolwent\u00f3w prawa z Unii Europejskiej w okr\u0119gu Wy\u017cszego S\u0105du Krajowego w Brandenburgii<\/li>\n\n\n\n<li>praca w berli\u0144skiej wsp\u00f3lnocie biurowej adwokat\u00f3w i notariuszy w dzielnicy Charlottenburg<\/li>\n\n\n\n<li>aplikacja prawnicza w okr\u0119gu Wy\u017cszego S\u0105du Krajowego w Berlinie, m. in. w:<br>\u2013 Berli\u0144skiej Izbie Aptekarskiej,<br>\u2013 kancelariach wyspecjalizowanych w dziedzinach prawa medi\u00f3w, znak\u00f3w towarowych, konkurencji, prawa autorskiego\/w\u0142asno\u015bci intelektualnej oraz prawa wydawniczego,<br>\u2013 renomowanej, wysokowyspecjalizowanej kancelarii specjalizuj\u0105cej si\u0119 w prawie medycznym, dzia\u0142aj\u0105cej na terenie ca\u0142ej Republiki Federalniej Niemiec<\/li>\n\n\n\n<li>wpis na list\u0119 adwokat\u00f3w w Berlinie<\/li>\n\n\n\n<li>otwarcie w\u0142asnej kancelarii w Berlinie<\/li>\n<\/ul>\n\n\n\n<h2 id=\"publikationen\">Publikacje<\/h2>\n\n\n\n<ul>\n<li>Auerbach \/ Wi\u015bniewska:&nbsp;<em>\u00bbVerweigerung der Abgabe von Arzneimitteln aus Gewissensgr\u00fcnden\u00ab<\/em>, in: Pharmazeutische Zeitung, Heft 36\/2013, S. 48 \u2013 50<\/li>\n\n\n\n<li>Haupt \/ Wi\u015bniewska:&nbsp;<em>\u00bbBrauchen wir \u00fcberhaupt noch \u00a7 47 UrhG?\u00ab<\/em>, in: UFITA \u2013 Archiv f\u00fcr Urheber- und Medienrecht (herausgegeben von Manfred Rehbinder), St\u00e4mpfli-Verlag AG Bern, Band 2010\/III, S. 663 \u2013 677<\/li>\n<\/ul>\n\n\n\n<figure class=\"wp-block-image\"><img decoding=\"async\" src=\"https:\/\/aw-legal.de\/wp-content\/uploads\/2019\/03\/Studioline-Photography-4-modified.jpg\" alt=\"\"\/><\/figure>\n\n\n\n<h2>Kontakt<\/h2>\n\n\n\n<p>Agnieszka Wi\u015bniewska<br>Kurf\u00fcrstendamm 72<br>10709 Berlin<\/p>\n\n\n\n<p>Tel: +49 (0)30 217 990 380<br>Fax: +49 (0)30 217 990 381<\/p>\n\n\n\n<p>EMail: info@aw-legal.de<\/p>\n\n\n\n<p><a href=\"https:\/\/www.google.de\/maps\/dir\/\/Schl\u00fcterstr+37,+10629+Berlin\/@52.4891032,13.2819011,13z\/data=!4m13!1m4!3m3!1s0x47a850f2dcf4b9ed:0xa7ade36fc73f3717!Schl\u00fcterstr+37,+10629+Berlin!3b1!4m7!1m0!1m5!1m1!1s0x47a850f2dcf4b9ed:0xa7ade36fc73f3717!2m2!1d13.31692!2d52.4891\" target=\"_blank\" rel=\"noreferrer noopener\"> Kierunki <\/a>&nbsp;(zewn\u0119trzna oferta Google)<\/p>\n\n\n\n<p><a href=\"https:\/\/aw-legal.de\/?page_id=21&amp;lang=pl\">prywatno\u015b\u0107 &amp; impressum<\/a><\/p>\n","protected":false},"excerpt":{"rendered":"<p>O mnie Szanowni Pa\u0144stwo! Jestem Polk\u0105 pochodz\u0105c\u0105 z okolic Szczecina. Po uko\u0144czeniu aplikacji prawniczej wykonuj\u0119 w ko\u0144cu m\u00f3j wymarzony zaw\u00f3d i jestem do Pa\u0144stwa dyspozycji. S\u0142u\u017c\u0119 pomoc\u0105 w zakresie prawa ochrony konkurencji i konsument\u00f3w, prawa ochrony znak\u00f3w towarowych, prawa wykrocze\u0144 drogowych, prawa autorskiego, nielegalnego \u015bci\u0105gania utwor\u00f3w\/plik\u00f3w (\u201cFilesharing\u201d), prawa socjalnego, windykacji roszcze\u0144, formu\u0142owanie regulamin\u00f3w na eBay&hellip; <br \/> <a class=\"button small blue\" href=\"https:\/\/aw-legal.de\/?page_id=345&#038;lang=pl\">Weiterlesen<\/a><\/p>\n","protected":false},"author":1,"featured_media":0,"parent":0,"menu_order":0,"comment_status":"closed","ping_status":"closed","template":"","meta":[],"aioseo_notices":[],"_links":{"self":[{"href":"https:\/\/aw-legal.de\/index.php?rest_route=\/wp\/v2\/pages\/345"}],"collection":[{"href":"https:\/\/aw-legal.de\/index.php?rest_route=\/wp\/v2\/pages"}],"about":[{"href":"https:\/\/aw-legal.de\/index.php?rest_route=\/wp\/v2\/types\/page"}],"author":[{"embeddable":true,"href":"https:\/\/aw-legal.de\/index.php?rest_route=\/wp\/v2\/users\/1"}],"replies":[{"embeddable":true,"href":"https:\/\/aw-legal.de\/index.php?rest_route=%2Fwp%2Fv2%2Fcomments&post=345"}],"version-history":[{"count":50,"href":"https:\/\/aw-legal.de\/index.php?rest_route=\/wp\/v2\/pages\/345\/revisions"}],"predecessor-version":[{"id":492,"href":"https:\/\/aw-legal.de\/index.php?rest_route=\/wp\/v2\/pages\/345\/revisions\/492"}],"wp:attachment":[{"href":"https:\/\/aw-legal.de\/index.php?rest_route=%2Fwp%2Fv2%2Fmedia&parent=345"}],"curies":[{"name":"wp","href":"https:\/\/api.w.org\/{rel}","templated":true}]}}